culate y(2).
4
Let m(b) = -7*b - 1. Let r be (-8)/12 - (-92)/(-6). Let l = r + 15. Determine m(l).
6
Let z = -3 - -2. Let i(h) = 19*h + 24*h - 42*h - 9*h**3. Calculate i(z).
8
Let a(w) = 3*w + 18. Let v be a(-6). Let l(y) be the second derivative of v + 0*y**3 - y**2 + 1/20*y**5 + 2*y - 1/12*y**4. What is l(0)?
-2
Let k(l) = l**3 + 2*l**2 + 4*l + 3. Let p = 8 - 10. Give k(p).
-5
Let h(j) be the second derivative of -j**4/12 - j**3/2 - 7*j. Calculate h(-4).
-4
Let l(o) = -o - 3. Let h(c) = -c**3 - 6*c**2. Let i be -1*5 - (-1 + 2). Let n be h(i). What is l(n)?
-3
Suppose 2*r = -3*r + 30. Let n(m) = -m**3 + 7*m**2 - 6*m - 7. Determine n(r).
-7
Let j(g) = 9*g**2 + 4*g - 7. Let s(a) = 3 - 13*a**2 + 9*a**2 - a - a. Let l(d) = 6*j(d) + 13*s(d). Calculate l(-2).
9
Suppose p + 17 = -4*m + 2, -5*p + 4*m - 3 = 0. Let r(f) = -f**2 - 2*f + 1. What is r(p)?
-2
Let a be -1*(-3)/1*-1. Let i = 0 + a. Let x(j) be the third derivative of j**4/24 + 2*j**3/3 + j**2. Give x(i).
1
Suppose -2*f + 5 = -17. Suppose 0 = -4*a + 77 - 13. Suppose -k + 3*w - a = 0, -4*k - 2*w + f = w. Let q(l) = 3*l + 1. What is q(k)?
-2
Let d(v) = -3 + 2*v**2 + 2*v**2 - 3*v**2 + v**3 + 2*v**2 - v. Let h(c) = -2*c + 11. Let f be h(7). What is d(f)?
0
Let l(g) be the third derivative of -1/6*g**3 + 0 - 1/60*g**5 + 2*g**2 + 5/24*g**4 + 0*g. Calculate l(4).
3
Let q(n) = -n**3 + n**2 - 1. Let k(b) = -4*b**3 + 1. Let r(z) = -k(z) + 3*q(z). Give r(-3).
-4
Let n(l) = -l**2 + l + 1. Let q = 14 + -9. Let d = q - 5. What is n(d)?
1
Let d(z) be the third derivative of z**4/12 - z**3/6 + z**2. Calculate d(2).
3
Let w(v) = 4*v**2 - 8*v + 3. Let x(k) = -8*k**2 + 15*k - 6. Let n(d) = -7*w(d) - 4*x(d). What is n(2)?
11
Let r(c) be the second derivative of c**3/2 + 9*c**2/2 - 3*c. Let l(z) = 4*z + 13. Let s = 15 + -8. Let p(q) = s*r(q) - 5*l(q). What is p(-5)?
-7
Let u = 58 - 51. Let l(c) = -c**2 + 8*c - 8. What is l(u)?
-1
Let d be (-6)/4*16/(-6). Suppose -5*l = 2*v, 0*v + d*l = v - 13. Let b(u) be the second derivative of u**4/12 - 5*u**3/6 - 3*u**2/2 + u. Determine b(v).
-3
Let n(b) = -8*b. Let t(i) = -i. Let d(a) = 2*n(a) - 14*t(a). What is d(-4)?
8
Let u(o) be the third derivative of o**5/60 + o**4/24 + 2*o**3/3 - 28*o**2. What is u(-3)?
10
Suppose 2*h - 5*t = -22, 6*t - 2*t - 38 = 5*h. Let d(j) = j**2 + 6*j - 1. What is d(h)?
-1
Let g(m) = -3*m**3 - 3*m**2 + 3*m - 3. Let b(i) = -7*i**3 - 6*i**2 + 7*i - 5. Suppose 2 = x - 3. Let n(c) = x*g(c) - 2*b(c). What is n(-4)?
7
Let f(w) = -w**3 + 4*w**2 - 2*w + 3. Let z = -19 + 12. Let h = 11 + z. Calculate f(h).
-5
Let j = -5 - -7. Suppose -j*h + 0*h + 4 = 0. Let t(w) = h + w - 2*w - 3 - w**3 + 0*w**3. Give t(0).
-1
Let i = -7 + 11. Let z(q) = 6*q**2 - 3*q - q - 1 - i*q**2. Calculate z(3).
5
Let j(u) = 2*u**2 - 2 + 6*u - 2 - 3*u**2. Suppose -5*r + 3*r = -76. Let t be r/10 + 6/30. What is j(t)?
4
Let m(i) be the third derivative of -i**6/120 - 2*i**5/15 - i**4/3 - i**3/2 - 3*i**2. Calculate m(-7).
4
Suppose 3*h - 4*r - 5 - 7 = 0, 12 = 4*h - 4*r. Let j = 0 + h. Let q(p) = p**2 - p - 10. Give q(j).
-10
Suppose a - 3*j + 7*j - 3 = 0, j - 20 = -3*a. Let g(w) = -w**2 + 8*w - 7. Let n be g(a). Let c(z) = z - 4. Give c(n).
-4
Let d(o) = o + 3. Let w(f) = -2*f**2 + f + 2. Let z be w(2). Let x(k) = -7*k**3 + 2*k**2 - 1. Let t be x(-1). Let a = z + t. Calculate d(a).
7
Let t(j) = -j**3 + 4*j**2 + 1. Let i(v) = -v**3 + 2*v**2 + 2*v - 3. Let b be i(5). Let y be 2/(-8) - b/16. Determine t(y).
1
Let w(u) be the first derivative of u**6/360 + u**5/24 + u**4/4 + 4*u**3/3 - 2. Let g(o) be the third derivative of w(o). What is g(-5)?
6
Suppose -69*r = -67*r + 6. Let d(t) = -2*t**2 - 3*t + 2. Determine d(r).
-7
Let g be 7 + 0 - (3 - 1). Suppose 0 = 3*d - g*d. Let v(b) = -b**2 - b - 2. Determine v(d).
-2
Let m(y) = 2 - 13 - y + 10 + 2*y. What is m(6)?
5
Let h(f) be the second derivative of -f**5/20 + f**4/3 + 3*f**2/2 + 4*f + 1. What is h(3)?
12
Let r = 4 + -8. Let y(k) = 4*k**3 - 8*k**2 + 4*k - 5. Let o(h) be the second derivative of h**5/20 - h**4/12 - h**2/2 - h. Let j(a) = 5*o(a) - y(a). Give j(r).
0
Let n = -7 + 8. Let g = 5 - n. Let s(d) = 3*d - 5. Determine s(g).
7
Let c(x) = x**2 + 8*x + 4. Let j be c(-8). Let l(f) = -2*f + 1 + 2*f + 0*f - f. Determine l(j).
-3
Let m(r) = r**3 - 7*r**2 + 4*r + 1. Suppose -27 + 9 = -3*l. Let y be m(l). Let c(j) = 3*j + 6. Let n(h) = -h - 2. Let s(d) = y*n(d) - 4*c(d). Determine s(4).
-6
Let c(a) = 2*a + 5 - 2 - 1 - 1. Determine c(2).
5
Let n(q) = -q**2 - 12*q + 11. Let m(y) = y**2 + 11*y - 10. Let g(p) = -4*m(p) - 3*n(p). Calculate g(-8).
7
Let d(p) be the second derivative of 4*p - 9/2*p**2 - 1/20*p**5 + 0 + 1/2*p**4 + 1/3*p**3. Determine d(6).
3
Let m(b) = -b**3 + 1. Let x(f) = -7*f**3 + 2*f**2 + 9*f. Let h(u) = 6*m(u) - x(u). Let i be h(4). Let t(w) = 2*w**2 - 2*w - 1. What is t(i)?
3
Let j(x) = -x**2 - 2. Suppose 0 = 10*f - 15*f + 10. What is j(f)?
-6
Let t be (-1)/((-21)/18)*7. Suppose -t = -2*w - 18. Let i be (-1 + 4)/((-9)/w). Let x(u) = -2*u**2 + 4*u - 3. Determine x(i).
-3
Let s(w) = -4*w. Let j(r) = 2*r**2. Let q be j(-1). Let y be (-2*8)/(q/(-2)). Suppose 4*l = -3*o - 11, 4*l = -o - 3*o - y. Give s(l).
-4
Let n(k) = -k**2 + 6*k - 6. Let i(c) = -c - 16. Let g be i(-12). Let s = 9 + g. Determine n(s).
-1
Let a(t) be the second derivative of -t**8/1120 + t**7/2520 - t**6/360 + t**5/120 + t**4/6 + 2*t. Let p(h) be the third derivative of a(h). Give p(1).
-6
Let z = 120 + -116. Let v(g) = g**3 - 2*g**2 - g - 5. Determine v(z).
23
Let m(l) be the first derivative of l**2/2 - 9*l - 10. Give m(0).
-9
Let z(d) = -d - 3. Let r(q) = 1. Let a(u) = 17*r(u) + 6*z(u). Give a(-1).
5
Let c be 0/(-2 - 0/1). Let b(w) = -3*w**2 + 0 + w**3 + w + c*w + 2. Suppose -12 = 4*d + 4*z, 5*d - 20 = 2*z - 0*z. Give b(d).
0
Let n(w) be the first derivative of -w**3/3 - 5*w**2/2 + 2*w - 4. Give n(-4).
6
Let d = -2 - -5. Suppose 0*q = -d*q - 12. Let i(s) = -s**3 - 4*s**2 + s - 2. What is i(q)?
-6
Let p(s) = s**2 + 6*s + 5. Let u = -3 + 6. Suppose -19 = -u*i - 4*v, i - 5*i + 23 = 3*v. Let m = i + -9. Calculate p(m).
-3
Let d be -3*6/(-9) - -1. Let u = 2 + d. Suppose 0*t = u*t. Let i(k) = -k**3 + k**2 - 3. Give i(t).
-3
Let w(k) = -k + 8. Suppose -6*n + 2*n + h + 19 = 0, -4*n + 5*h - 1 = 0. Calculate w(n).
2
Let u = 3 + 3. Let q(t) = t**2 - 6*t - 5. Determine q(u).
-5
Let g(c) = 4 + 3*c + 3*c**2 - 3*c**2 - c**2. Calculate g(3).
4
Let q(d) = -d**3 - 3*d**2 - d - 1. Let l(t) = t**3 + 12*t**2 + 11*t - 3. Let w be l(-11). Calculate q(w).
2
Let z(h) be the first derivative of h**2 + 4*h - 1. Determine z(-5).
-6
Suppose 0 = -z + 4*y - 23, -z + 5*y - 10 = -6*z. Let f = 8 - 4. Let m = f + z. Let b(o) = -6*o**2 + o - 1. Determine b(m).
-6
Let c(x) be the first derivative of -x**5/120 + x**4/4 - 4*x**3/3 - 3. Let r(g) be the third derivative of c(g). What is r(0)?
6
Let x(l) = -6*l + 1. Suppose -3*p + 30 = 27. Give x(p).
-5
Let i(y) = 4*y - 5. Let t = -5 + 11. Let w = 10 - t. Calculate i(w).
11
Let b(d) = 8*d**3 - d**2 + d. Let y be 2 + -1 - (0 + -4). Let x be (2 + 0)/(10/y). Calculate b(x).
8
Let y(s) = -s - 4. Let v be y(-2). Let q be (-2)/(16/(-10) - v). Let d(o) be the first derivative of o**4/4 + 7*o**3/3 + 7*o**2/2 - 2*o + 30. Determine d(q).
13
Let q be (-2)/8 - 259/(-28). Let r = -15 + q. Let g(t) = t**2 + 5*t - 7. What is g(r)?
-1
Let w = 25 - 16. Let y = -34 + 25. Let v = w + y. Let p(h) = -h - 5. Calculate p(v).
-5
Let c(z) = z. Let t = -99 - -100. What is c(t)?
1
Suppose 5 - 20 = -3*x. Suppose 2*y + x*r = -2, -2*r = -3*y + 3*r + 22. Let j(g) = -2*g + 6. What is j(y)?
-2
Suppose -7*z + 21 = -14. Let o(x) = x**2 - 8*x + 7. Calculate o(z).
-8
Suppose m + 8*m + 63 = 0. Let g(z) = z + 15. Calculate g(m).
8
Let c(p) = p**2 + 6*p - 3. Let q be c(-7). Suppose 4 = -q*k, t + 3*k = -t - 9. Let r be t*(-1 + 2) + -2. Let h(x) = x**2 + 5*x + 2. Calculate h(r).
2
Suppose q + 2*q = 12. Let v(g) = -2 + 2 + g**2 - q*g - 2. Let j be v(3). Let l(z) = -z**3 - 6*z**2 - 5*z - 6. What is l(j)?
-6
Let l be 4*-3*5/10. Let n(c) = -c**3 - 6*c**2 + 3*c + 8. What is n(l)?
-10
Suppose -5*i + 15 = 5. Let s(m) = -8*m + 3. Determine s(i).
-13
Let f(j) = j + 3*j - 6*j + 3. Let v(k) = k + 1. Let x(l) = -f(l) - 3*v(l). Let g be (-87)/18 - (-2)/(-12). Determine x(g).
-1
Let g(d) = -d - 2. Suppos